
What is the hundred thousands digit of 160448838?
4
What is the ten thousands digit of 12519440?
1
What is the ten thousands digit of 412268073?
6
What is the thousands digit of 127899335?
9
What is the billions digit of 2349436504?
2
What is the hundred millions digit of 115883812?
1
What is the ten thousands digit of 74677568?
7
What is the millions digit of 329876090?
9
What is the thousands digit of 322977842?
7
What is the hundred millions digit of 565474320?
5
What is the thousands digit of 1104695112?
5
What is the billions digit of 1602861872?
1
What is the millions digit of 75229487?
5
What is the tens digit of 40142063?
6
What is the units digit of 153997382?
2
What is the units digit of 148270555?
5
What is the ten thousands digit of 178958472?
5
What is the tens digit of 133619688?
8
What is the ten thousands digit of 902891137?
9
What is the ten thousands digit of 717731870?
3
What is the thousands digit of 1692888066?
8
What is the hundreds digit of 411031425?
4
What is the tens digit of 2143647946?
4
What is the units digit of 56926861?
1
What is the units digit of 96976205?
5
What is the ten thousands digit of 2586746871?
4
What is the hundreds digit of 3126120?
1
What is the millions digit of 13090677?
3
What is the ten millions digit of 2363875958?
6
What is the thousands digit of 242964551?
4
What is the hundreds digit of 2821036342?
3
What is the hundreds digit of 903512884?
8
What is the millions digit of 1356985474?
6
What is the millions digit of 821524260?
1
What is the units digit of 96695242?
2
What is the hundred millions digit of 152264304?
1
What is the hundred thousands digit of 38055354?
0
What is the units digit of 123849747?
7
What is the units digit of 490952917?
7
What is the millions digit of 311802362?
1
What is the units digit of 1072616933?
3
What is the thousands digit of 132620945?
0
What is the thousands digit of 30061457?
1
What is the hundred millions digit of 1597269623?
5
What is the hundreds digit of 44866811?
8
What is the billions digit of 6789544138?
6
What is the hundreds digit of 370755465?
4
What is the ten thousands digit of 658609283?
0
What is the hundred thousands digit of 96468088?
4
What is the thousands digit of 2917591?
7
What is the hundred thousands digit of 288844960?
8
What is the hundreds digit of 3425838639?
6
What is the tens digit of 335918269?
6
What is the ten millions digit of 27879836?
2
What is the hundred millions digit of 305347178?
3
What is the ten millions digit of 3498383860?
9
What is the tens digit of 385419808?
0
What is the tens digit of 64836741?
4
What is the hundred millions digit of 473951550?
4
What is the units digit of 62171578?
8
What is the ten millions digit of 36032525?
3
What is the hundred thousands digit of 98199367?
1
What is the hundreds digit of 1893248205?
2
What is the thousands digit of 319625783?
5
What is the billions digit of 7736005013?
7
What is the thousands digit of 1434186659?
6
What is the hundred thousands digit of 1001134305?
1
What is the tens digit of 426237860?
6
What is the hundreds digit of 156503778?
7
What is the millions digit of 281234679?
1
What is the billions digit of 2689551079?
2
What is the ten thousands digit of 650105173?
0
What is the thousands digit of 364119776?
9
What is the hundreds digit of 133670642?
6
What is the billions digit of 1867234788?
1
What is the units digit of 4588971470?
0
What is the tens digit of 351309704?
0
What is the units digit of 193977698?
8
What is the hundreds digit of 30697692?
6
What is the millions digit of 1720463291?
0
What is the thousands digit of 2812393128?
3
What is the ten thousands digit of 560417682?
1
What is the ten millions digit of 146012226?
4
What is the hundred thousands digit of 1780411849?
4
What is the ten thousands digit of 185181033?
8
What is the hundred thousands digit of 99406774?
4
What is the hundreds digit of 469267823?
8
What is the ten thousands digit of 6985827163?
2
What is the hundred thousands digit of 547081992?
0
What is the ten thousands digit of 387503773?
0
What is the tens digit of 53563655?
5
What is the ten thousands digit of 643084496?
8
What is the thousands digit of 25995490?
5
What is the units digit of 32328992?
2
What is the millions digit of 166572199?
6
What is the hundred millions digit of 1092032447?
0
What is the thousands digit of 1130743733?
3
What is the ten thousands digit of 188951320?
5
What is the units digit of 59793715?
5
What is the hundred millions digit of 610922673?
6
What is the tens digit of 7550545?
4
What is the hundred millions digit of 141318609?
1
What is the tens digit of 8634520561?
6
What is the tens digit of 1197995508?
0
What is the hundreds digit of 152066221?
2
What is the millions digit of 265145150?
5
What is the billions digit of 3057340920?
3
What is the units digit of 1953470639?
9
What is the hundred thousands digit of 10087248?
0
What is the billions digit of 1122344834?
1
What is the thousands digit of 198372605?
2
What is the hundred thousands digit of 1518433339?
4
What is the ten thousands digit of 209454752?
5
What is the tens digit of 555210365?
6
What is the ten millions digit of 56059866?
5
What is the ten thousands digit of 840195330?
9
What is the ten thousands digit of 288612815?
1
What is the hundreds digit of 3603853502?
5
What is the units digit of 2191449686?
6
What is the ten millions digit of 228274166?
2
What is the hundred thousands digit of 2090598304?
5
What is the hundred thousands digit of 328236173?
2
What is the hundreds digit of 24375010?
0
What is the hundreds digit of 35184092?
0
What is the hundred thousands digit of 566832616?
8
What is the millions digit of 148654626?
8
What is the thousands digit of 12564833?
4
What is the thousands digit of 35629503?
9
What is the hundreds digit of 281115523?
5
What is the hundreds digit of 389534950?
9
What is the ten millions digit of 147513380?
4
What is the ten thousands digit of 317276547?
7
What is the units digit of 168678922?
2
What is the units digit of 113957075?
5
What is the thousands digit of 178571698?
1
What is the hundreds digit of 43336507?
5
What is the units digit of 415848228?
8
What is the tens digit of 53694157?
5
What is the hundreds digit of 26917404?
4
What is the millions digit of 753366444?
3
What is the hundred millions digit of 4158127313?
1
What is the hundred millions digit of 1319031299?
3
What is the millions digit of 18095063?
8
What is the units digit of 4151682?
2
What is the units digit of 164458737?
7
What is the hundred thousands digit of 3237387624?
3
What is the ten thousands digit of 104056406?
5
What is the hundred thousands digit of 6587060?
5
What is the tens digit of 55224605?
0
What is the tens digit of 105751679?
7
What is the units digit of 779312475?
5
What is the tens digit of 175577722?
2
What is the ten thousands digit of 2985694?
8
What is the ten thousands digit of 47105506?
0
What is the thousands digit of 26594002?
4
What is the ten thousands digit of 21406023?
0
What is the units digit of 69660782?
2
What is the hundred millions digit of 232572280?
2
What is the hundred thousands digit of 114253541?
2
What is the hundred thousands digit of 140001722?
0
What is the thousands digit of 41463708?
3
What is the units digit of 18429723?
3
What is the hundred millions digit of 192542883?
1
What is the billions digit of 1028595005?
1
What is the tens digit of 1780758570?
7
What is the hundreds digit of 271047329?
3
What is the thousands digit of 4056482935?
2
What is the millions digit of 4013484963?
3
What is the tens digit of 948955982?
8
What is the hundred thousands digit of 11354538?
3
What is the thousands digit of 1710734628?
4
What is the ten millions digit of 937248946?
3
What is the tens digit of 2736251379?
7
What is the tens digit of 135301924?
2
What is the thousands digit of 6116593381?
3
What is the units digit of 402204335?
5
What is the hundred millions digit of 1388229756?
3
What is the millions digit of 544871213?
4
What is the millions digit of 5397629147?
7
What is the hundred thousands digit of 528537436?
5
What is the millions digit of 21078077?
1
What is the thousands digit of 593746546?
6
What is the hundreds digit of 1329795515?
5
What is the hundre